f 9909 and 4?
1
What is the highest common divisor of 59291 and 844?
211
Calculate the highest common divisor of 3 and 37738.
1
What is the greatest common divisor of 7880 and 4206935?
985
Calculate the greatest common divisor of 22568 and 370552.
728
What is the greatest common divisor of 4275 and 352640?
95
Calculate the greatest common factor of 52852 and 219.
73
Calculate the highest common divisor of 126538 and 4077.
151
Calculate the highest common divisor of 30 and 817140.
30
What is the highest common factor of 655 and 6943?
131
What is the greatest common divisor of 241038 and 819?
63
Calculate the greatest common divisor of 484420 and 60.
20
Calculate the greatest common divisor of 5789 and 56.
7
Calculate the highest common factor of 46182 and 66.
6
Calculate the highest common divisor of 1394 and 2992.
34
What is the greatest common divisor of 814 and 1198208?
814
What is the greatest common factor of 272654 and 14?
2
What is the highest common factor of 53941 and 133?
19
Calculate the greatest common factor of 345177 and 126.
63
Calculate the highest common divisor of 13639 and 1886.
23
Calculate the greatest common divisor of 3567 and 613611.
87
Calculate the highest common divisor of 1120 and 740.
20
Calculate the greatest common divisor of 278784 and 2552.
88
Calculate the highest common factor of 269062 and 232.
58
Calculate the highest common divisor of 70416 and 272.
16
What is the highest common factor of 23 and 139219?
23
Calculate the highest common factor of 1056 and 37152.
96
What is the greatest common divisor of 20394 and 132?
66
What is the greatest common divisor of 4440 and 12876?
444
What is the greatest common divisor of 21 and 2956443?
21
What is the greatest common divisor of 126 and 102123?
63
What is the highest common factor of 62 and 7006?
62
Calculate the highest common factor of 159077 and 2981.
271
Calculate the highest common divisor of 5656 and 126.
14
Calculate the greatest common factor of 240071 and 177.
59
Calculate the highest common divisor of 2773 and 3481.
59
What is the greatest common factor of 3526 and 2881?
43
What is the highest common factor of 1955712 and 72?
24
Calculate the greatest common factor of 22800 and 1275.
75
Calculate the greatest common divisor of 609 and 2121.
21
What is the highest common divisor of 1926 and 1020?
6
Calculate the highest common factor of 27946 and 26522.
178
What is the greatest common divisor of 8596 and 308?
28
What is the highest common factor of 73604 and 2?
2
Calculate the highest common divisor of 15 and 20575.
5
What is the greatest common divisor of 3131 and 3193?
31
What is the highest common factor of 9858 and 2790?
186
What is the greatest common factor of 8659991 and 38?
19
Calculate the highest common divisor of 107983 and 83.
83
Calculate the highest common divisor of 33246 and 4626.
18
Calculate the highest common factor of 126224 and 1472.
368
What is the highest common divisor of 603694 and 14?
14
Calculate the greatest common divisor of 576 and 634536.
72
What is the greatest common factor of 69 and 97635?
69
What is the greatest common factor of 12769 and 4633?
113
Calculate the highest common factor of 2136 and 660291.
267
Calculate the highest common factor of 644 and 63434.
322
What is the highest common divisor of 1487879 and 47?
47
Calculate the greatest common divisor of 228375 and 126.
63
What is the greatest common divisor of 768 and 7296?
384
Calculate the greatest common divisor of 165 and 22407.
33
What is the greatest common factor of 233544 and 72?
24
Calculate the highest common factor of 133159 and 26.
13
What is the highest common divisor of 834456 and 300?
12
Calculate the greatest common divisor of 3682304 and 31.
31
Calculate the highest common divisor of 4950 and 24.
6
What is the highest common factor of 77 and 169981?
7
What is the greatest common divisor of 45 and 20985?
15
Calculate the highest common factor of 131863 and 58.
29
Calculate the greatest common divisor of 43 and 26445.
43
What is the highest common factor of 36 and 1201836?
12
Calculate the highest common divisor of 486145 and 55.
55
Calculate the highest common factor of 133 and 497.
7
Calculate the highest common divisor of 77615 and 430.
215
Calculate the greatest common factor of 2576034 and 18.
18
Calculate the highest common factor of 2108 and 18848.
124
Calculate the highest common factor of 4026 and 243634.
122
What is the greatest common factor of 7144 and 19741?
19
Calculate the greatest common divisor of 5259 and 123.
3
What is the highest common divisor of 216 and 1224?
72
Calculate the highest common factor of 635 and 320.
5
What is the highest common divisor of 5668 and 3121651?
1417
Calculate the greatest common divisor of 190269 and 3915.
783
Calculate the highest common factor of 2765497 and 623.
623
What is the highest common factor of 156 and 97708?
52
Calculate the greatest common divisor of 1812 and 157493.
151
Calculate the highest common divisor of 49 and 10871.
7
What is the greatest common factor of 2085 and 17931?
417
Calculate the greatest common factor of 204963 and 33.
33
What is the greatest common divisor of 11564 and 2156?
196
Calculate the highest common factor of 3225 and 255.
15
Calculate the greatest common divisor of 157537 and 599.
599
What is the highest common divisor of 106128 and 1742?
134
Calculate the greatest common divisor of 1015 and 7018.
29
What is the greatest common factor of 130086 and 576?
18
What is the greatest common divisor of 852883 and 554?
277
What is the highest common factor of 1688 and 1832?
8
What is the greatest common divisor of 3636 and 53126?
202
Calculate the greatest common factor of 10787 and 127099.
469
Calculate the highest common factor of 156 and 1053.
39
What is the highest common divisor of 166296 and 28536?
984
What is the highest common divisor of 58918 and 2848?
178
Calculate the highest common factor of 1258 and 4641.
17
What is the greatest common factor of 2545388 and 638?
58
Calculate the greatest common factor of 19222 and 2422.
14
Calculate the greatest common divisor of 169 and 75855.
13
Calculate the greatest common factor of 200 and 144775.
25
Calculate the highest common factor of 345 and 126845.
115
What is the highest common factor of 540 and 17508?
12
Calculate the greatest common factor of 4221 and 9219.
21
Calculate the greatest common divisor of 542572 and 612.
68
Calculate the greatest common factor of 7440 and 160.
80
What is the highest common factor of 114 and 162165?
57
Calculate the greatest common divisor of 3879 and 9.
9
Calculate the greatest common divisor of 434503 and 1037.
1037
Calculate the highest common factor of 158 and 206743.
79
Calculate the greatest common divisor of 5 and 2676815.
5
What is the greatest common divisor of 466427 and 13?
13
Calculate the highest common factor of 321283 and 34.
17
What is the highest common divisor of 530306 and 238?
14
What is the highest common divisor of 264759 and 66?
33
Calculate the greatest common factor of 55480 and 28120.
760
What is the highest common divisor of 4634 and 3185544?
662
Calculate the highest common factor of 39968 and 2656.
32
What is the greatest common divisor of 33088 and 22272?
64
What is the highest common factor of 183046 and 152?
38
Calculate the greatest common factor of 3392 and 22684.
212
Calculate the highest common divisor of 1162 and 50962.
166
What is the highest common factor of 2583 and 1281?
21
What is the highest common divisor of 478 and 6918?
2
Calculate the highest common divisor of 2369 and 59328.
103
What is the highest common factor of 290 and 6410?
10
Calculate the highest common factor of 3281 and 544.
17
What is the highest common factor of 667490 and 10?
10
What is the highest common divisor of 124077 and 354?
177
Calculate the greatest common factor of 1228 and 24867.
307
Calculate the highest common divisor of 48545 and 22705.
95
What is the greatest common divisor of 266418 and 574?
82
Calculate the greatest common divisor of 560 and 32530.
10
Calculate the highest common divisor of 156857 and 681.
227
What is the highest common divisor of 56512 and 32671?
883
Calculate the greatest common factor of 57720 and 75.
15
Calculate the highest common 